en 106 is divided by u.
25
Let q(c) be the first derivative of -c**3/3 + 4*c**2 + 2*c - 5. Let i(b) = b**2 + 2*b - 2. Calculate the remainder when i(-7) is divided by q(4).
15
Let a(k) = -k**2 - 31*k + 584. Let b = 82 + -1. Calculate the remainder when b is divided by a(-44).
9
Let l(p) = -p**3 + 28*p**2 + 425*p - 12. Calculate the remainder when 316 is divided by l(-11).
28
Let q(d) = 3*d**2 - 20*d + 5. Suppose -6 = g + z - 16, -2*z - 22 = -4*g. What is the remainder when q(g) is divided by 7?
5
Let y(o) = -o**3 + o**2 + 14. Let n = 6 - 6. Suppose 0 = -7*d + 16 + 40. What is the remainder when y(n) is divided by d?
6
Let u(q) = -q + 185. Let d = -725 - -772. Calculate the remainder when u(0) is divided by d.
44
Let b(s) = -s**3 - s**2 - 3*s + 1. Let f be b(2). Let y = -35 - f. Let k = -14 - y. What is the remainder when 15 is divided by k?
3
Let l(n) = -n**3 + 6*n**2 - 3*n + 2. Let r be l(5). What is the remainder when 69 is divided by r - 0/1 - 0?
9
Let h(z) = 5*z - 5. Let m be (-1 - 7)*(-3)/((-48)/(-8)). Suppose -2*i - m*t + 118 = 0, t + 2 = 2*t. Calculate the remainder when i is divided by h(4).
10
Suppose -154 = -10*x - 84. Suppose -170 + 45 = -5*w. Calculate the remainder when w is divided by x.
4
Let y(a) = 22*a**2 - 33*a + 109. Let q be y(4). Let d = 48 + 65. Suppose -4*f = -q + d. Calculate the remainder when f is divided by 11.
10
Let f = -499 - -521. Suppose 4*c - 315 = 5*d, 230 = 4*c + d - 115. Calculate the remainder when c is divided by f.
19
Suppose -92 = -3*d - 26. Suppose -5*c = -4*c - 101. Let r = 142 - c. Calculate the remainder when r is divided by d.
19
Let s(w) be the third derivative of w**5/30 + 2*w**4/3 + 5*w**3/2 - 10*w**2. Let o be s(-8). What is the remainder when (102/8)/(o/40) is divided by 7?
6
What is the remainder when (-3)/(-3)*(8 + 11) is divided by 11?
8
Let j(h) = -h**3 - 3*h**2 - 2*h - 3. Suppose -20 = 3*m - u, 5*u + 8 = -0*m - 3*m. What is the remainder when j(-5) is divided by 180/(-8)*4/m?
12
Let x(b) = -61*b - 21. What is the remainder when x(-4) is divided by 16?
15
Suppose 4*j + 36 - 196 = 0. Suppose -4*w + j - 12 = 0. What is the remainder when 20 is divided by w*((-2 - -3) + 0)?
6
Suppose 0 = 27*x - 55*x + 5824. What is the remainder when x is divided by 42?
40
Let d(j) = 2*j**2 - 53*j - 25. Calculate the remainder when d(28) is divided by 18.
5
Let b = 46 - 25. Suppose -6*v - 2760 = -21*v. Let o = v - 173. Calculate the remainder when b is divided by o.
10
Calculate the remainder when 318 is divided by 6/5 - 2376/(-45).
48
Let b = 36 + -32. Suppose -2*s - 3*x = -50, -s + 11 = -x - b. Calculate the remainder when 56 is divided by s.
18
Let b be 9/(-21) - 1/(28/(-68)). Suppose 9*w = -b*w + 143. What is the remainder when 58 is divided by w?
6
Suppose 5*t = t + 32. What is the remainder when ((-29)/5)/(27/(-135)) is divided by t?
5
Suppose 5*y + 86 - 131 = 0. What is the remainder when 16 is divided by y?
7
Suppose -7*t = -8*t + 2*n + 95, 4*t - n = 408. What is the remainder when t is divided by 30?
13
Suppose 0 = -5*n + 2*r + 502 + 298, 2*r = -4*n + 658. What is the remainder when n is divided by 28?
22
Let g be (-166)/7 - 24/84. Let o = g - -4. Let s = -17 - o. Calculate the remainder when 13 is divided by s.
1
Suppose t - 12*t + 396 = 0. What is the remainder when 646 is divided by t?
34
Suppose 16 = -2*q - 5*y, 4*q - 31 + 3 = 5*y. Suppose -q*g - 60 = -268. What is the remainder when g is divided by 15?
14
Let f = -1602 + 1610. What is the remainder when 1599 is divided by f?
7
Let x(k) = k**3 - 6*k**2 + 17*k - 7. What is the remainder when x(7) is divided by 44?
29
Suppose -4*f + 16 = 8. Suppose 1044 = f*w + 424. Calculate the remainder when 9 is divided by w/75 - (-2)/(-15).
1
Let j(z) = -13*z - 10. Let u(h) = h**2 + 6*h - 4. Let n be u(-8). Let g = -4 + n. Calculate the remainder when j(-3) is divided by g.
5
Let p be (-3 - -2)*(-46)/(-2). Let u = 34 + p. What is the remainder when 19 is divided by u?
8
Suppose 3*l + l + 5*o = 429, -5*o - 570 = -5*l. What is the remainder when l is divided by 6?
3
Suppose -25*q + 177 = -22*q. Calculate the remainder when q is divided by 10.
9
Let j be 2 + ((-2)/4)/((-3)/(-6)). Calculate the remainder when 93 is divided by 4*1/2 - -22*j.
21
Let q be ((-66)/(-12) - 6)/(2/296). Let j = -3 - q. What is the remainder when j is divided by 18?
17
What is the remainder when 1/2*(192 + 8) is divided by 21?
16
Suppose 100*n - 336 = 92*n. Calculate the remainder when n is divided by 22.
20
Let f = -17 + 9. Suppose -24*g - 23 = -23*g. Let m = f - g. What is the remainder when 56 is divided by m?
11
Let t(o) = -o**3 - 12*o**2 + 9*o + 16. Let g be t(-13). Suppose 4*v + 2*m = 146, 181 - g = 3*v - 2*m. What is the remainder when 109 is divided by v?
35
Let i(u) = -u**2 + 17*u - 5. Let n(h) = -h**3 - 7*h**2 - h + 6. Suppose 5*o - o = -28. Calculate the remainder when i(15) is divided by n(o).
12
Suppose -o - o + 66 = -4*p, 0 = -5*o - 25. Let b = -19 - p. Suppose 4*d + b*d - 16 = 2*n, -2*d + 2*n = -10. What is the remainder when 6 is divided by d?
0
Let s(u) = 5*u + 18 - 4 - 8*u - 6*u. Let n(b) = 8*b - 14. Let x(r) = -3*n(r) - 2*s(r). What is the remainder when x(-10) is divided by 19?
17
Suppose -17*n + 20*n - 9 = 0. Suppose 0*o - n*o = -3*q - 39, -79 = -5*o - 2*q. What is the remainder when o is divided by 9?
6
Calculate the remainder when 519 is divided by (-20)/30 + 124/(-36)*-6.
19
Let m = 3 + -2. Suppose f - m - 6 = 0. What is the remainder when (-3 - -2)/(4/(-52)) is divided by f?
6
Suppose -7*h + 248 = h. Suppose -4*j - j = -5*s - 25, -2*j + s = -14. Let o = j - -3. Calculate the remainder when h is divided by o.
7
Suppose -2*b = 0, 121*b - 118*b = -2*m + 338. Calculate the remainder when m is divided by 33.
4
Suppose 0 = -39*x + 265 + 86. Calculate the remainder when 224 is divided by x.
8
Let l(j) = -j**3 + 8*j**2 + 9*j + 10. Let i = -6 + 8. Suppose 3*x = -i + 14. What is the remainder when l(9) is divided by x?
2
Let b(k) = k**3 - 15*k**2 + 17*k + 6. Let v be b(14). Calculate the remainder when v/20*(-45)/(-6) is divided by -2*45/12*(-32)/40.
0
Calculate the remainder when 172 is divided by 17104/272 + 2/17.
46
Suppose 5*b - 10 = 0, -28*w + 27*w = -4*b - 40. Calculate the remainder when 92 is divided by w.
44
Let l be (-1)/(-3 - 4/(-1)). Let q be 12 - 14 - l*11. Suppose q = -10*p + 13*p. Calculate the remainder when 3 is divided by p.
0
Let k = -39 - -92. Suppose 5*u - k = 27. What is the remainder when 31 is divided by u?
15
Let t(s) = s**2 - 12*s + 55. What is the remainder when t(11) is divided by 2/15 - (-1072)/60?
8
Let p(r) = -3*r. Let d be p(0). Calculate the remainder when 26 is divided by 9/(-2 + d + 3).
8
Let i(z) = -z**2 + 6*z - 10. Let k be i(7). Let b = 35 - k. Suppose 0*c = 4*c - b. Calculate the remainder when 23 is divided by c.
10
Calculate the remainder when 4*(-5 - 420/(-16)) is divided by 25.
10
Let b = -18 + 63. Suppose -53*d = 12*d - 1040. Calculate the remainder when b is divided by d.
13
Suppose -f = -2*f + 18. Let t(o) = -o**3 + 16*o**2 + 19*o + 1. Suppose 5*k - 84 = q, -2*k - 2*q = q - 37. Calculate the remainder when t(k) is divided by f.
17
Let y(n) = -n**3 + 17*n**2 + 83*n + 36. Suppose 10 = h - 3*p - 61, 2*p = -3*h + 169. What is the remainder when h is divided by y(21)?
14
Let j be (-21)/7 - 2*-1. Calculate the remainder when 109 is divided by (2*18 - j)*1.
35
What is the remainder when (-9 - 90496/(-176)) + 4/(-22) is divided by 13?
11
Let k(p) = -p**3 + 6*p**2 - 3*p - 13. Let v be k(5). Let t(z) = -4*z**3 - 4*z**2 + 7*z + 8. What is the remainder when t(v) is divided by 12?
11
What is the remainder when 44 is divided by (46/138)/(1/(27/1))?
8
Suppose -9 = 5*x + 3*u, -6*u = -2*x - u - 16. What is the remainder when (10 - 13)*53/x is divided by 18?
17
Let z be ((0 - -1)*0)/(-2). Suppose z = -4*i + 6*i - 4*g - 26, -4*g = -3*i + 37. Let r(v) = 9*v + 54. Calculate the remainder when r(0) is divided by i.
10
Suppose 0 = 6*k - 2*k - 2*v - 68, 3*k + v = 41. Suppose 4*j + 115 = j + i, 0 = j - 3*i + 33. Let p = j + 67. What is the remainder when p is divided by k?
13
Calculate the remainder when 8 + 49 + -1*15/(-3) is divided by 9.
8
Calculate the remainder when (549/(-45))/(-1)*20 is divided by 50.
44
Let b(t) = -t**2 + 26*t - 105. Calcula